5. What is the units digit of l?
0
Let o be -1 + 218/8 + (-48)/192. Suppose 11*r = 13*r - o. What is the tens digit of r?
1
Let r(b) = -b**3 + 5*b**2 - b. Let x be r(2). Suppose -x*q = -9*q + 15. What is the tens digit of ((-138)/q)/((-3)/(-15))?
4
Suppose -5*r + 1690 = -13*v + 17*v, -r + 3*v + 357 = 0. What is the tens digit of r?
4
Suppose -3*q = -8*q + 225. Let i = q + -20. Let u = i - -6. What is the tens digit of u?
3
Let i = 2231 + -1541. What is the hundreds digit of i?
6
Suppose j - 5*j = -32. Let f be ((-298)/3)/(j/(-12)). Suppose -f = -4*x + 163. What is the units digit of x?
8
Suppose -2*i + 5*p = -5*i + 1260, 5*p = 2*i - 865. What is the hundreds digit of i?
4
Let o be (-2)/(-10) - (-4)/(-20). Suppose -4*w + o*w - 124 = 0. Let h = -8 - w. What is the tens digit of h?
2
Let j be (-5 + 2 - (-2 - 434)) + 3. Suppose 2*f = -2*f, j = 4*y - f. What is the hundreds digit of y?
1
Suppose 11*c - 5*c - 5556 = 0. What is the hundreds digit of c?
9
Suppose 1202 = -22*j + 3446. What is the units digit of j?
2
Let q be -1 + 3 - (5 + -7). Let h be q/8 - 135/(-2). Suppose -o + 3*m = -42, 2*o - 2*m + 0*m = h. What is the units digit of o?
0
Suppose j - 573 = -2*j. Suppose 3*o + 3*p = 741, -3*o = 2*p - 547 - j. Suppose -11 - o = -5*m. What is the tens digit of m?
5
Let m = -25 - -25. What is the units digit of (5*20)/4 + m?
5
Let a = 710 + -426. What is the units digit of a?
4
Let s(y) = 8*y - 18. Let u = -13 - -23. What is the tens digit of s(u)?
6
Suppose -4*n - 1 = -3*f, -17 - 11 = 4*f + 2*n. Let h be -4 - (-4 + 1 - 1). What is the tens digit of -5*((3 - h) + f)?
1
Suppose -i - 2*i + 84 = 0. Suppose 0 = 11*q - 39 + 83. Let z = i - q. What is the tens digit of z?
3
Let p(b) = b**3 + 20*b**2 - 14*b + 24. What is the units digit of p(-15)?
9
Suppose 134*a - 139*a = -280. What is the tens digit of a?
5
Let l(h) be the first derivative of -77*h**4/4 - h**2 - h + 10. Let n be l(-1). What is the units digit of (n/(-9))/((-3)/9)?
6
Let q be (-16)/6*(-6)/4. Suppose -3*a + 3*w + w + 218 = 0, 342 = 5*a + q*w. What is the units digit of a?
0
Suppose 991 = 26*j - 4235. What is the tens digit of j?
0
Let u(p) = p**3 - 11*p**2 - p + 14. Let c be u(11). Suppose c*f - 3*s + 12 = 0, -4*f = -5*f + 2*s - 7. What is the tens digit of (-1)/f*(-810)/(-15)?
5
Let s = -4 - -1. What is the units digit of (4 - 2*-29) + s?
9
Let x be 1/3 + (-6150)/(-18). Suppose 4*q - 2*u = -4*u + x, -q + 4*u + 81 = 0. What is the tens digit of q?
8
Let s(o) = -o**2 + 14*o. Let r(w) = -w**3 - 6*w**2 - w - 4. Let f be r(-7). Suppose 0*b + f = 4*b. What is the units digit of s(b)?
3
Let z(p) = p**3 + 14*p**2 + 15*p + 28. Let y be z(-13). Suppose -215 - 199 = -y*d. What is the hundreds digit of d?
2
Let h(c) = -c**3 - 3*c**2 + 5*c + 4. Let o be h(-4). Let m(u) = u**2 + 2. Let k be m(o). What is the units digit of (k + (-24)/15)*30?
2
Suppose -5*x - p + 43 = 0, -3*p - 4 = x - 21. Let s = x - 7. What is the units digit of s/(-5) + (-1224)/(-45)?
7
Suppose -3*k = z + 181, 4*k - 2*z + 8 + 240 = 0. Let s = k + -5. What is the tens digit of s/((0 + -4)/2)?
3
Let g(z) = z**3 + 5*z**2 + 7*z + 4. Let i be g(-3). What is the units digit of (-732)/((-4)/i) + -4 + -3?
6
Suppose -2*f - 5*d + 2 = -7, 3*d - 11 = -4*f. Let y(o) be the third derivative of o**5/30 - o**4/24 + o**3/6 - 2*o**2. What is the units digit of y(f)?
7
Let o(j) = 33*j - 20. Let z(k) = 82*k - 50. Let b(c) = 12*o(c) - 5*z(c). What is the tens digit of b(-5)?
8
Suppose 5*n = -3*i - 2 + 140, -12 = 3*i. Suppose 2*x = 2*k, -3*x - 5*k + n = -2*x. Suppose -t + 43 = -x*b, 2*t + 5*b - 41 = -0*t. What is the units digit of t?
8
Let z(a) = -2*a**2 + 3. Let g be z(3). What is the units digit of -14*1*g/6?
5
Let l(g) = -g**3 - 9*g**2 - 9*g - 5. Let t be l(-8). What is the tens digit of (-4 - (-47 - t))*2?
9
What is the tens digit of (-4)/((-52)/6279) + -2*1?
8
Let i(a) = a + 32. Suppose -3*b + 14 - 47 = 0. What is the tens digit of i(b)?
2
Let p = -3361 - -5866. What is the units digit of p?
5
Suppose 4*m + 3*y - 5327 = 0, 11*m + 4*y = 13*m - 2680. What is the units digit of m?
4
Suppose -4*a + 1019 = c, -a + 0*c = c - 251. What is the units digit of a?
6
What is the thousands digit of 8/18 + 1426138/774?
1
Let j(i) = i**3 - 7*i**2 + 15*i - 12. Let d be j(5). Suppose d - 37 = -r. What is the tens digit of r?
2
Let y be 6 + ((-1)/(-2))/(2/(-4)). Suppose p - 58 = 4*m, -y*m = 3*p - 96 - 112. What is the units digit of p?
6
Suppose -4*d = 5*l - 1395, -d = l + 2*l - 837. What is the hundreds digit of l?
2
Suppose -4*s = -y - 213, 5*y - 207 = -2*s - 2*s. Let n = s + -99. Let c = n - -81. What is the tens digit of c?
3
Let p(q) = 8*q**2 + 6*q + 16. What is the hundreds digit of p(-7)?
3
Let l be 24/(-3)*(-10)/(-4). Let m be ((-5)/10)/((-2)/l). Let k = m + 9. What is the units digit of k?
4
Let b(q) = -168*q**3 - q. Let v be b(1). Let t = 425 + v. What is the units digit of t?
6
Let g(m) = 3*m**2 + 4*m. Let l be g(-3). Let h = l + -11. Suppose h*z + 0 - 148 = 2*b, -183 = -5*z + 3*b. What is the tens digit of z?
3
Suppose -5*x = 15, 0 = 3*j - 8*j - 4*x - 622. Let a = j - -210. What is the tens digit of a?
8
What is the thousands digit of (8586/(-371))/(0 + 2/(-238))?
2
Let c = -443 - -876. What is the hundreds digit of c?
4
Let t = 3681 + -2470. What is the tens digit of t?
1
Suppose 2*d - 5 - 5 = z, 5*d + 5*z = 55. Let x = d + -4. Suppose x = 2*f - 15. What is the units digit of f?
9
Suppose -3 = 4*a - 15. Suppose 6*t + 48 = a*t. What is the units digit of 56/t*(-5 + -1)?
1
What is the units digit of (362/(-6) + 0)/((-3)/9)?
1
Suppose -1578 = -8*l + 350. Suppose -7*v + l + 312 = 0. What is the units digit of v?
9
Let z = -8 + 12. Suppose 5*i - 2*x - 15 = 0, z*i - 2*x - 2*x = 0. Suppose -30 = -i*q - 5. What is the units digit of q?
5
Suppose -p = 3*d - 4477, d + 800 = 4*p + 2314. What is the tens digit of d?
9
Let d(f) = 21*f**2 + 2*f + 4. What is the tens digit of d(-6)?
4
Suppose -2*j + 4*c = j - 28, -4*j + 12 = c. Suppose -o - 5*s = -89, 1 + j = 5*s. What is the units digit of o?
4
Suppose 11*x = 16743 + 4509. What is the hundreds digit of x?
9
Suppose -7*k + 16 = k. Suppose -4*u - k = -50. What is the units digit of u/(-2)*6/(-9)?
4
Let p(t) = 315*t + 35. What is the thousands digit of p(6)?
1
Suppose 0*d = 2*d + 5*t + 23, -3*d - 3*t - 30 = 0. What is the units digit of (-13207)/(-423) + ((-2)/d)/(-1)?
1
Suppose 4*v - 27 = -15. Suppose 3*o - 3 = 0, v*y + 2*o - 12 + 1 = 0. Suppose -2*l - y*h = -33, 3*h = -l + 2*h + 18. What is the tens digit of l?
2
Suppose -4 - 16 = -4*r. Suppose 10*s - 5*s = -5*b + 55, 3*b - 37 = -r*s. Suppose -2*n + 35 = b. What is the units digit of n?
3
Let z = 1385 - 574. What is the units digit of z?
1
Suppose 4*m + 21 = 3*b - 53, 0 = -5*b + 3*m + 105. Let y = 223 + b. What is the tens digit of y?
4
Let u(g) = g**2 - 5*g - 3. Let a be u(6). Suppose -a = -t - 0*t. Let w = 18 + t. What is the tens digit of w?
2
Suppose -136*x + 138*x - 1114 = 0. What is the tens digit of x?
5
Let c = 106 - -135. What is the hundreds digit of c?
2
Suppose -7*x = -3*x + 3*w + 307, 223 = -3*x + 5*w. Let b = 117 - x. What is the units digit of b?
3
Suppose 5*r - 2*y - 28 - 1 = 0, -5*y = 2*r. Suppose 57 = r*q - 368. What is the tens digit of q?
8
Let j(i) = -90*i**3 - 6*i**2 - 3*i - 2. What is the units digit of j(-2)?
0
Let k = -1130 + 4927. What is the tens digit of k?
9
Let t = 868 - -3824. What is the hundreds digit of t?
6
Suppose 4*u - 5*y - 9369 = 0, 7029 = 3*u - 6*y + 3*y. What is the tens digit of u?
4
Suppose 2*g - 2*p + 364 = 3*g, 4*p = -g + 364. What is the units digit of g?
4
Suppose -2*b + 5*x - 16 = b, 5*x = 25. What is the tens digit of b/(-4)*(-88 - -8)?
6
Let b(l) = 10*l - 31. Let k be b(14). Suppose 0 = -j + k + 79. What is the tens digit of j?
8
Suppose -9 = 2*h + 1. Let n be (8/10)/((-2)/h). Suppose 2*v + 3*v + 3*d = 105, 0 = 3*v - n*d - 44. What is the units digit of v?
8
Suppose -o = 4*l - 14, o - 2*l + 4*l - 22 = 0. Let f = 15 - o. Let d(t) = -t**3 - 15*t**2 - 3*t - 22. What is the tens digit of d(f)?
2
Suppose 0*x + 16 = k + x, -4*k - 3*x = -59. Let s(p) = p**3 - 12*p**2 + 7*p + 8. Let m be s(k). What is the tens digit of (-1)/(1/m) + -4?
3
Let t(d) be the third derivative of -d**6/120 + d**5/6 + d**4/24 - d**3/2 + 22*d**2. Wha